{"id":8,"date":"2020-05-08T10:10:12","date_gmt":"2020-05-08T13:10:12","guid":{"rendered":"http:\/\/donflex.com.ar\/?page_id=8"},"modified":"2023-06-29T13:02:38","modified_gmt":"2023-06-29T16:02:38","slug":"inicio","status":"publish","type":"page","link":"https:\/\/donflex.com.ar\/","title":{"rendered":"Inicio"},"content":{"rendered":"\n<div class=\"alignnormal\"><div id=\"metaslider-id-71\" style=\"width: 100%;\" class=\"ml-slider-3-60-1 metaslider metaslider-flex metaslider-71 ml-slider ms-theme-default\" role=\"region\" aria-roledescription=\"Slideshow\" aria-label=\"Home\">\n    <div id=\"metaslider_container_71\">\n        <div id=\"metaslider_71\">\n            <ul aria-live=\"polite\" class=\"slides\">\n                <li style=\"display: block; width: 100%;\" class=\"slide-348 ms-image\" aria-roledescription=\"slide\" aria-label=\"slide-348\"><img loading=\"lazy\" decoding=\"async\" src=\"https:\/\/donflex.com.ar\/wp-content\/uploads\/2025\/07\/23donflexweb-slider-01homeg.png\" height=\"340\" width=\"1020\" alt=\"\" class=\"slider-71 slide-348\" title=\"23donflexweb-slider-01homeg\" \/><\/li>\n                <li style=\"display: none; width: 100%;\" class=\"slide-74 ms-image\" aria-roledescription=\"slide\" aria-label=\"slide-74\"><img loading=\"lazy\" decoding=\"async\" src=\"https:\/\/donflex.com.ar\/wp-content\/uploads\/2023\/09\/slide04-4800x1600-1-1020x340.png\" height=\"340\" width=\"1020\" alt=\"\" class=\"slider-71 slide-74\" title=\"slide04 4800x1600\" \/><\/li>\n                <li style=\"display: none; width: 100%;\" class=\"slide-75 ms-image\" aria-roledescription=\"slide\" aria-label=\"slide-75\"><img loading=\"lazy\" decoding=\"async\" src=\"https:\/\/donflex.com.ar\/wp-content\/uploads\/2020\/05\/slide03.jpg\" height=\"340\" width=\"1020\" alt=\"\" class=\"slider-71 slide-75\" title=\"slide03\" \/><\/li>\n                <li style=\"display: none; width: 100%;\" class=\"slide-350 ms-image\" aria-roledescription=\"slide\" aria-label=\"slide-350\"><img loading=\"lazy\" decoding=\"async\" src=\"https:\/\/donflex.com.ar\/wp-content\/uploads\/2020\/05\/slide-home-02-1020x340.jpg\" height=\"340\" width=\"1020\" alt=\"\" class=\"slider-71 slide-350\" title=\"slide home 02\" \/><\/li>\n                <li style=\"display: none; width: 100%;\" class=\"slide-482 ms-image\" aria-roledescription=\"slide\" aria-label=\"slide-482\"><img loading=\"lazy\" decoding=\"async\" src=\"https:\/\/donflex.com.ar\/wp-content\/uploads\/2023\/09\/DSC0049-scaled-1020x340.jpg\" height=\"340\" width=\"1020\" alt=\"\" class=\"slider-71 slide-482\" title=\"_DSC0049\" \/><\/li>\n            <\/ul>\n        <\/div>\n        \n    <\/div>\n<\/div><\/div>\n\n\n\n<hr class=\"wp-block-separator has-css-opacity is-style-wide\"\/>\n\n\n\n<div class=\"wp-block-columns is-layout-flex wp-container-core-columns-layout-1 wp-block-columns-is-layout-flex\">\n<div class=\"wp-block-column is-layout-flow wp-block-column-is-layout-flow\">\n<div class=\"wp-block-group is-layout-flow wp-block-group-is-layout-flow\"><div class=\"wp-block-group__inner-container\">\n<div class=\"wp-block-group is-layout-flow wp-block-group-is-layout-flow\"><div class=\"wp-block-group__inner-container\">\n<h4 class=\"wp-block-heading\"><a href=\"http:\/\/donflex.com.ar\/?page_id=326\">Teclados de Membrana<\/a><\/h4>\n<\/div><\/div>\n<\/div><\/div>\n\n\n\n<figure class=\"wp-block-image size-large\"><a href=\"http:\/\/donflex.com.ar\/?page_id=326\"><img loading=\"lazy\" decoding=\"async\" width=\"263\" height=\"183\" src=\"http:\/\/donflex.com.ar\/wp-content\/uploads\/2020\/05\/home_productos_01.png\" alt=\"\" class=\"wp-image-88\"\/><\/a><\/figure>\n\n\n\n<p>Poseen caracter\u00edsticas constructivas y de pre-fabricaci\u00f3n que aventajan costos, funcionalidad y est\u00e9tica<\/p>\n<\/div>\n\n\n\n<div class=\"wp-block-column is-layout-flow wp-block-column-is-layout-flow\">\n<h4 class=\"wp-block-heading\"><a href=\"http:\/\/donflex.com.ar\/?page_id=329\">Frentes y Etiquetas<\/a><\/h4>\n\n\n\n<figure class=\"wp-block-image size-large\"><a href=\"http:\/\/donflex.com.ar\/?page_id=329\"><img loading=\"lazy\" decoding=\"async\" width=\"263\" height=\"183\" src=\"http:\/\/donflex.com.ar\/wp-content\/uploads\/2020\/05\/home_productos_02.png\" alt=\"\" class=\"wp-image-89\"\/><\/a><\/figure>\n\n\n\n<p>Ofrecen la misma versatilidad y dise\u00f1o que los teclados de membrana. Pueden ser planos o con relieve.<\/p>\n<\/div>\n\n\n\n<div class=\"wp-block-column is-layout-flow wp-block-column-is-layout-flow\">\n<h4 class=\"wp-block-heading\"><a href=\"http:\/\/donflex.com.ar\/?page_id=332\">Otros Servicios<\/a><\/h4>\n\n\n\n<figure class=\"wp-block-image size-large\"><a href=\"http:\/\/donflex.com.ar\/?page_id=332\"><img loading=\"lazy\" decoding=\"async\" width=\"263\" height=\"200\" src=\"http:\/\/donflex.com.ar\/wp-content\/uploads\/2020\/05\/home_productos_03.png\" alt=\"\" class=\"wp-image-90\"\/><\/a><\/figure>\n\n\n\n<p>Realizaci\u00f3n de matricer\u00eda de inyecci\u00f3n de piezas complementarias para proyectos especiales<\/p>\n<\/div>\n<\/div>\n\n\n\n<hr class=\"wp-block-separator has-css-opacity is-style-wide\"\/>\n\n\n\n<h4 class=\"wp-block-heading has-text-align-center\"><a href=\"http:\/\/donflex.com.ar\/?page_id=59\">Acceda al Formulario de Cotizaci\u00f3n Online<\/a><\/h4>\n\n\n\n<p><\/p>\n","protected":false},"excerpt":{"rendered":"<p>Teclados de Membrana Poseen caracter\u00edsticas constructivas y de pre-fabricaci\u00f3n que aventajan costos, funcionalidad y est\u00e9tica Frentes y Etiquetas Ofrecen la misma versatilidad y dise\u00f1o que los teclados de membrana. Pueden ser planos o con relieve. Otros Servicios Realizaci\u00f3n de matricer\u00eda de inyecci\u00f3n de piezas complementarias para proyectos especiales Acceda al Formulario de Cotizaci\u00f3n Online<\/p>\n","protected":false},"author":1,"featured_media":0,"parent":0,"menu_order":0,"comment_status":"closed","ping_status":"closed","template":"","meta":{"footnotes":"","_joinchat":[]},"_links":{"self":[{"href":"https:\/\/donflex.com.ar\/index.php?rest_route=\/wp\/v2\/pages\/8"}],"collection":[{"href":"https:\/\/donflex.com.ar\/index.php?rest_route=\/wp\/v2\/pages"}],"about":[{"href":"https:\/\/donflex.com.ar\/index.php?rest_route=\/wp\/v2\/types\/page"}],"author":[{"embeddable":true,"href":"https:\/\/donflex.com.ar\/index.php?rest_route=\/wp\/v2\/users\/1"}],"replies":[{"embeddable":true,"href":"https:\/\/donflex.com.ar\/index.php?rest_route=%2Fwp%2Fv2%2Fcomments&post=8"}],"version-history":[{"count":16,"href":"https:\/\/donflex.com.ar\/index.php?rest_route=\/wp\/v2\/pages\/8\/revisions"}],"predecessor-version":[{"id":520,"href":"https:\/\/donflex.com.ar\/index.php?rest_route=\/wp\/v2\/pages\/8\/revisions\/520"}],"wp:attachment":[{"href":"https:\/\/donflex.com.ar\/index.php?rest_route=%2Fwp%2Fv2%2Fmedia&parent=8"}],"curies":[{"name":"wp","href":"https:\/\/api.w.org\/{rel}","templated":true}]}}